 - 5?
85380
In base 11, what is -75 + 1000?
a36
In base 14, what is 5a + -61d?
-5a3
In base 8, what is 435 + 436?
1073
In base 15, what is 2 + 2e41b?
2e41d
In base 7, what is -1116 - 66?
-1215
In base 6, what is -4 - -2445555?
2445551
In base 16, what is -26 + 2269?
2243
In base 9, what is 6 - 83658?
-83652
In base 7, what is 2426 - -1011?
3440
In base 2, what is -111011011111001 - 10?
-111011011111011
In base 10, what is 1855370 - 2?
1855368
In base 8, what is 3 + 237174?
237177
In base 8, what is -256114 - -1?
-256113
In base 7, what is -404 + 203?
-201
In base 4, what is 3030100 - 320?
3023120
In base 10, what is 23003 - -161?
23164
In base 10, what is -39 - -4126?
4087
In base 2, what is -1 + -1011100?
-1011101
In base 7, what is 143 + 23561?
24034
In base 12, what is 1804b1 - 5?
1804a8
In base 16, what is -12 + -a72?
-a84
In base 10, what is -5 - 15620?
-15625
In base 2, what is 100000011100 + -100110?
11111110110
In base 12, what is 8a2 - -533?
1215
In base 15, what is e6 - 22e?
-138
In base 6, what is -3350 + 140?
-3210
In base 6, what is 331 + 421?
1152
In base 14, what is 353 - 5b?
2d6
In base 14, what is 3 + bd316?
bd319
In base 10, what is 1106 - -9?
1115
In base 6, what is -2 + 44400?
44354
In base 13, what is 45a - b4?
376
In base 7, what is -10 + -24365?
-24405
In base 15, what is -7e2 - -4a?
-797
In base 8, what is -541132 + 3?
-541127
In base 11, what is 3 + 27085?
27088
In base 15, what is 3869 - 23?
3846
In base 7, what is 2246055 - -4?
2246062
In base 13, what is -2879 - 5?
-2881
In base 2, what is -1011111011000 + -101?
-1011111011101
In base 3, what is 10001201001 - 2?
10001200222
In base 4, what is -32130 + 20323?
-11201
In base 15, what is 4 + 430e?
4313
In base 3, what is -1210210 - 12020?
-2000000
In base 8, what is 740441 - 2?
740437
In base 3, what is -11 + 210020102?
210020021
In base 3, what is -1211012 - -222121?
-211121
In base 9, what is -74360 + 8?
-74351
In base 9, what is 56 - 753?
-686
In base 11, what is -3a91 - -3?
-3a89
In base 14, what is 3ab + -42?
369
In base 15, what is 7b + -7c0?
-744
In base 5, what is -3 + -14233420?
-14233423
In base 6, what is -215001 - 40?
-215041
In base 3, what is 1021201 - -2102?
1101010
In base 11, what is -22 + 92374?
92352
In base 4, what is -122302 + 2?
-122300
In base 5, what is -1324 - 444?
-2323
In base 16, what is -99 + 43?
-56
In base 14, what is -583 - -5c4?
41
In base 2, what is -1011010 + -100010110?
-101110000
In base 12, what is 5 - 304b?
-3046
In base 3, what is -2 + 12121211111?
12121211102
In base 15, what is 257 + 2cd?
535
In base 14, what is -3 + -c910?
-c913
In base 15, what is 495142 - 3?
49513e
In base 8, what is -60 + 5060?
5000
In base 9, what is 18015 - -46?
18062
In base 13, what is -1 - -146506?
146505
In base 16, what is -5 - 19a6?
-19ab
In base 3, what is -110 + -1002120?
-1010000
In base 3, what is -120221221 + 1?
-120221220
In base 2, what is -1011101010 - -1100000?
-1010001010
In base 11, what is 951 - 120?
831
In base 2, what is 10100101000011 + -101?
10100100111110
In base 12, what is -41955 - 5?
-4195a
In base 12, what is -a52 - -ab9?
67
In base 11, what is a + 1930?
193a
In base 9, what is 7 - -58?
66
In base 3, what is -2200112220211 + -12?
-2200112221000
In base 2, what is -100000000100000 + -11?
-100000000100011
In base 4, what is 1011 + -3130?
-2113
In base 10, what is -2 + -55766?
-55768
In base 11, what is -990 + 1859?
979
In base 2, what is 1110110 - 110010?
1000100
In base 12, what is -232 + -133?
-365
In base 2, what is 10101000000011001 - 10?
10101000000010111
In base 9, what is -318308 + 1?
-318307
In base 11, what is 1928 - -5?
1932
In base 6, what is 32043 - 31?
32012
In base 14, what is -60d7 - 19?
-6112
In base 12, what is -367b8 - 0?
-367b8
In base 5, what is 421142 + -3?
421134
In base 5, what is -20310301 - 0?
-20310301
In base 10, what is 1072 - -425?
1497
In base 16, what is -3 - 3492?
-3495
In base 5, what is 1402 + 104?
2011
In base 14, what is 0 - -9dc83?
9dc83
In base 11, what is -1a - -a85?
a66
In base 5, what is 42213110 - 2?
42213103
In base 5, what is 3 + 1420223?
1420231
In base 8, what is -310 + -471?
-1001
In base 15, what is -1959 + -2b?
-1985
In base 13, what is -3 - -1a6396?
1a6393
In base 11, what is 102 + -4876?
-4774
In base 2, what is -110 + -10101101011110?
-10101101100100
In base 11, what is -502728 - -2?
-502726
In base 4, what is 200023 - -110220?
310303
In base 8, what is 44125 - -22?
44147
In base 2, what is 101110001 - -10011111101?
11001101110
In base 11, what is 4 + 13828?
13831
In base 13, what is -112190 + 5?
-112188
In base 8, what is -2 + -36557?
-36561
In base 14, what is 3753 - 0?
3753
In base 15, what is -183 - 202?
-385
In base 3, what is -1222 - 111102212?
-111111211
In base 4, what is 230011 - -10?
230021
In base 7, what is 205556 - 2?
205554
In base 16, what is 1eded - -19?
1ee06
In base 5, what is -311 - -4223232?
4222421
In base 14, what is -41239 + 28?
-41211
In base 3, what is -1010221120 + 102?
-1010221011
In base 2, what is -10001110110 - -110011010110?
100001100000
In base 4, what is -31000113 - -133?
-30333320
In base 2, what is 10100000100001 + -1001?
10100000011000
In base 4, what is -3101103 + 2?
-3101101
In base 11, what is -25a + -37?
-296
In base 13, what is 34 - -74c?
783
In base 6, what is 12 - -1404113?
1404125
In base 11, what is 13190 - 4?
13187
In base 7, what is 3 + 56220?
56223
In base 2, what is 101000 - 101101100?
-101000100
In base 2, what is 10 - -100000001000001?
100000001000011
In base 3, what is 200021 - -111110?
1011201
In base 5, what is -4044 - 34?
-4133
In base 13, what is -637 + 110?
-527
In base 16, what is -c + -cb2?
-cbe
In base 5, what is 242 + -113143?
-112401
In base 2, what is -10001 + 111000101011001000?
111000101010110111
In base 15, what is -3 - 321e3?
-321e6
In base 3, what is -11 - -22222112011?
22222112000
In base 12, what is -33220 + 5?
-33217
In base 3, what is -11110210022211 - 2?
-11110210022220
In base 16, what is -5a95 - -1?
-5a94
In base 13, what is c44a7 - 0?
c44a7
In base 4, what is 130300 - 1023?
123211
In base 13, what is 1 - -4387?
4388
In base 15, what is 244 + 77?
2bb
In base 3, what is -1 - -1002101220?
1002101212
In base 14, what is 10a - 1d15?
-1c09
In base 2, what is 101100 - 100101001001?
-100100011101
In base 3, what is 2 + -20012201012?
-20012201010
In base 8, what is 354777 + -2?
354775
In base 7, what is 352 - 11434?
-11052
In base 8, what is -43 + 75234?
75171
In base 12, what is -5 - 4a7?
-4b0
In base 3, what is 11 - 202202221?
-202202210
In base 13, what is 3 + 3750?
3753
In base 2, what is 11101111100000111 - 101?
11101111100000010
In base 6, what is 4154445 - -20?
4154505
In base 8, what is -2 + -3046?
-3050
In base 15, what is 33a + 18?
353
In base 5, what is -221 + 1444?
1223
In base 2, what is -11001111 + 10100110?
-101001
In base 15, what is 3 + -425c4?
-425c1
In base 8, what is 5 + -60353?
-60346
In base 3, what is 1 + 121220202012?
121220202020
In base 2, what is 1001001010101000010 + 11?
1001001010101000101
In base 14, what is 3 - 12412?
-1240d
In base 8, what is 16036 + -4?
16032
In base 16, what is 0 - b878e?
-b878e
In base 14, what is -1d + -b7?
-d6
In base 11, what is 3 + 7680?
7683
In base 12, what is 26 - 3899?
-3873
In base 11, what is 2 + 797?
799
In base 15, what is -10e1ae + 5?
-10e1a9
In base 11, what is 3 + 186126?
186129
In base 12, what is a38 + -18?
a20
In base 2, what is -100001000110111 + 10000?
-100001000100111
In base 12, what is 13388a - 4?
133886
In base 6, what is -2020 - 330?
-2350
In base 14, what is 9 + -152a?
-1521
In base 11, what is 295a - -5?
2964
In base 5, what is 3242 + 42332?
101124
In base 8, what is 715 - -24?
741
In base 15, what is 33 - -11667?
1169a
In base 6, what is -551113 + -112?
-551225
In base 7, what is 40361 - -2?
40363
In base 3, what is -11011212100022 + -12?
-11011212100111
In base 15, what is e21 - 18c?
c84
In base 13, what is -9 - -33a38?
33a2c
In base 8, what is 6240 + -3135?
3103
In base 13, what is 311a - 4?
3116
In base 9, what is 118 + -221?
-102
In base 9, what is 178 + 3501?
3680
In base 6, what is 50055101 + -3?
50055054
In base 15, what is 3 + 2c530?
2c533
In base 6, what is -134 + -34014?
-34152
In base 12, what is 5405b - -3?
54062
In ba